?
False
Does 12 divide 26996?
False
Is 1090 a multiple of 21?
False
Is 547 a multiple of 25?
False
Does 23 divide 1104?
True
Does 18 divide 1216?
False
Does 18 divide 2160?
True
Is 6393 a multiple of 11?
False
Is 31 a factor of 1240?
True
Does 64 divide 150?
False
Is 29 a factor of 812?
True
Does 21 divide 155?
False
Is 3042 a multiple of 117?
True
Is 2226 a multiple of 10?
False
Is 20418 a multiple of 166?
True
Is 71192 a multiple of 10?
False
Does 43 divide 26402?
True
Is 83 a factor of 27307?
True
Is 1008 a multiple of 112?
True
Is 1775 a multiple of 17?
False
Is 13 a factor of 195?
True
Is 41630 a multiple of 115?
True
Does 9 divide 3988?
False
Is 5208 a multiple of 3?
True
Is 26 a factor of 650?
True
Does 10 divide 20324?
False
Is 16191 a multiple of 63?
True
Does 2 divide 55?
False
Does 106 divide 10799?
False
Is 28471 a multiple of 51?
False
Is 2689 a multiple of 48?
False
Does 4 divide 2738?
False
Is 7685 a multiple of 29?
True
Does 14 divide 90671?
False
Is 135 a multiple of 9?
True
Is 19 a factor of 3974?
False
Does 28 divide 23520?
True
Is 21 a factor of 324?
False
Is 18259 a multiple of 81?
False
Is 3 a factor of 1809?
True
Does 5 divide 7092?
False
Is 20649 a multiple of 12?
False
Is 53604 a multiple of 12?
True
Is 43 a multiple of 2?
False
Is 48 a factor of 3888?
True
Is 72 a factor of 13824?
True
Does 28 divide 560?
True
Is 11 a factor of 462?
True
Is 20 a factor of 5284?
False
Is 18 a factor of 84?
False
Does 18 divide 1084?
False
Does 41 divide 3321?
True
Is 732 a multiple of 12?
True
Does 128 divide 31360?
True
Is 148 a factor of 7055?
False
Does 6 divide 67?
False
Does 42 divide 87418?
False
Does 51 divide 1876?
False
Is 20 a factor of 17260?
True
Is 408 a multiple of 23?
False
Is 16 a factor of 485?
False
Is 16834 a multiple of 38?
True
Is 3243 a multiple of 47?
True
Is 5 a factor of 6350?
True
Is 595 a multiple of 26?
False
Does 12 divide 29080?
False
Is 5499 a multiple of 141?
True
Is 14 a factor of 742?
True
Is 12614 a multiple of 17?
True
Is 65 a factor of 4160?
True
Does 43 divide 9847?
True
Is 16 a factor of 384?
True
Is 11 a factor of 10158?
False
Is 17045 a multiple of 7?
True
Is 68067 a multiple of 27?
True
Is 99 a factor of 12969?
True
Is 579 a multiple of 9?
False
Is 3120 a multiple of 17?
False
Is 9 a factor of 2295?
True
Is 1652 a multiple of 59?
True
Is 812 a multiple of 7?
True
Does 17 divide 6500?
False
Is 37 a factor of 2539?
False
Is 2635 a multiple of 6?
False
Is 50 a multiple of 31?
False
Is 2037 a multiple of 3?
True
Is 8073 a multiple of 69?
True
Is 74 a factor of 3252?
False
Does 43 divide 522?
False
Is 38 a factor of 25894?
False
Is 60 a factor of 1920?
True
Is 38590 a multiple of 34?
True
Is 52 a factor of 92004?
False
Is 7 a factor of 3187?
False
Is 10 a factor of 889?
False
Does 15 divide 450?
True
Is 40 a factor of 162?
False
Does 21 divide 44?
False
Is 4589 a multiple of 46?
False
Is 143 a factor of 6006?
True
Is 49875 a multiple of 285?
True
Does 29 divide 36?
False
Is 3340 a multiple of 10?
True
Is 29245 a multiple of 89?
False
Is 380 a multiple of 15?
False
Is 12 a factor of 168?
True
Is 83 a factor of 998?
False
Is 224 a multiple of 3?
False
Is 8 a factor of 6256?
True
Is 480 a multiple of 12?
True
Is 1631 a multiple of 15?
False
Does 14 divide 5446?
True
Is 23 a factor of 8901?
True
Is 8 a factor of 2294?
False
Does 13 divide 234?
True
Is 11 a factor of 4906?
True
Does 3 divide 12338?
False
Is 10 a factor of 760?
True
Is 20 a factor of 35772?
False
Is 1125 a multiple of 42?
False
Does 286 divide 15246?
False
Is 312 a multiple of 19?
False
Does 9 divide 1215?
True
Does 41 divide 1363?
False
Is 61776 a multiple of 132?
True
Is 397 a multiple of 70?
False
Is 2578 a multiple of 4?
False
Does 143 divide 10725?
True
Is 9 a factor of 701?
False
Does 56 divide 17752?
True
Does 21 divide 1945?
False
Is 7854 a multiple of 66?
True
Is 5 a factor of 1260?
True
Is 5062 a multiple of 22?
False
Is 87 a factor of 5307?
True
Does 5 divide 23777?
False
Is 7 a factor of 6524?
True
Does 55 divide 4785?
True
Is 12 a factor of 1068?
True
Does 80 divide 7668?
False
Is 23 a factor of 9153?
False
Is 16 a multiple of 8?
True
Does 8 divide 1805?
False
Is 8190 a multiple of 9?
True
Is 109 a factor of 1217?
False
Is 142 a factor of 12212?
True
Is 23862 a multiple of 51?
False
Is 2 a factor of 744?
True
Is 1168 a multiple of 16?
True
Is 103 a factor of 14186?
False
Does 4 divide 1548?
True
Is 616 a multiple of 44?
True
Is 84816 a multiple of 19?
True
Is 451 a multiple of 8?
False
Is 3 a factor of 147?
True
Is 73 a factor of 3087?
False
Does 122 divide 3416?
True
Does 7 divide 1361?
False
Does 13 divide 572?
True
Is 154 a factor of 3212?
False
Does 13 divide 8946?
False
Does 33 divide 2582?
False
Is 968 a multiple of 4?
True
Is 198 a factor of 67843?
False
Is 7 a factor of 1981?
True
Is 552 a multiple of 46?
True
Does 37 divide 5032?
True
Is 7 a factor of 4508?
True
Does 3 divide 61?
False
Does 11 divide 62306?
False
Is 20 a factor of 11598?
False
Is 5438 a multiple of 33?
False
Is 4536 a multiple of 159?
False
Is 4087 even?
False
Does 17 divide 4318?
True
Is 30 a factor of 2430?
True
Is 48 a factor of 2016?
True
Is 1107 a multiple of 2?
False
Is 2 a factor of 4613?
False
Does 5 divide 18?
False
Is 145 a multiple of 12?
False
Is 5708 a multiple of 15?
False
Is 555 a multiple of 37?
True
Is 60 a factor of 1807?
False
Does 121 divide 154?
False
Does 14 divide 959?
False
Is 105 a factor of 42420?
True
Does 24 divide 1608?
True
Is 6720 a multiple of 21?
True
Is 11 a factor of 82?
False
Does 18 divide 414?
True
Is 20592 a multiple of 24?
True
Does 75 divide 75?
True
Is 55 a factor of 26290?
True
Does 58 divide 406?
True
Is 8 a factor of 256?
True
Is 235 a factor of 15269?
False
Does 31 divide 4464?
True
Does 32 divide 14453?
False
Is 7 a factor of 4185?
False
Is 18 a factor of 5799?
False
Does 212 divide 26423?
False
Is 9234 a multiple of 81?
True
Does 6 divide 2016?
True
Is 75 a factor of 16160?
False
Is 11 a factor of 5918?
True
Is 2045 a multiple of 153?
False
Is 6222 a multiple of 183?
True
Is 22 a factor of 1936?
True
Is 14 a factor of 204?
False
Is 59 a factor of 1239?
True
Is 10 a factor of 94798?
False
Does 34 divide 10846?
True
Is 6300 a multiple of 75?
True
Is 4 a factor of 746?
False
Is 3 a factor of 39?
True
Is 85 a factor of 897?
False
Does 19 divide 912?
True
Is 42 a factor of 1344?
True
Is 6804 a multiple of 81?
True
Is 6627 a multiple of 141?
True
Is 8217 a multiple of 33?
True
Does 28 divide 24334?
False
Does 4 divide 13208?
True
Does 6 divide 53?
False
Is 1117 a multiple of 18?
False
Does 90 divide 4680?
True
Is 89 a factor of 1394?
False
Does 16 divide 2903?
False
Is 20 a factor of 15911?
False
Is 2753 a multiple of 20?
False
Is 5 a factor of 3010?
True
Does 79 divide 9471?
False
Is 3325 a multiple of 7?
True
Is 39 a factor of 23283?
True
Is 21362 a multiple of 19?
False
Is 16 a factor of 45832?
False
Is 1237 a multiple of 5?
False
Is 12 a factor of 31670?
False
Is 20 a factor of 1620?
True
Is 12999 a multiple of 11?
False
Is 13 a factor of 5876?
True
Is 63 a factor of 42123?
False
Is 22 a factor of 1298?
True
Is 28116 a multiple of 132?
True
Does 181 divide 21689?
False
Is 5 a factor of 8853?
False
Is 11292 a multiple of 38?
False
Is 162 a factor of 22420?
False
Is 31450 a multiple of 10?
True
Is 3649 a multiple of 41?
True
Does 316 divide 102068?
True
Is 105 a multiple of 5?
True
Is 7991 a multiple of 61?
True
Is 16 a factor of 800?
True
Is 19 a factor of 3325?
True
Is 36 a factor of 180?
True
Is 21 a factor of 498?
False
Is 129 a multiple of 6?
False
Is 1761 a multiple of 17?
False
Is 9 a factor of 1854?
True
Does 6 divide 7064?
False
Is 531 even?
False
Does 3 divide 137?
False
Does 14 divide 594?
False
Does 77 divide 3043?
False
Does 65 divide 136?
False
Does 8 divide 222?
False
Does 25 divide 26680?
False
Is 4410 a multiple of 70?
True
Does 10 divide 8213?
False
Does 19 divide 2698?
True
Is 35 a factor of 4200?
True
Is 54 a factor of 787?
False
Is 36 a factor of 180?
True
Does 6 divide 5463?
False
Is 222 a factor of 12654?
True
Does 83 divide 54282?
True
Is 14 a factor of 1089?
False
Is 12 a factor of 123?
False
Is 332 a multiple of 19?
False
Is 140 a factor of 32620?
True
Does 6 divide 402?
True
